ose -3*p = 3*o - 132, -p - 3*o = -6*p + 236. Calculate the remainder when p is divided by c.
10
Suppose -5*t - 27 = 18. Suppose 0*p + 24 = 3*p. Calculate the remainder when (-3 - t/(-2))*-2 is divided by p.
7
Let m = -5 + 4. Let i be 15/4 - m/4. Suppose i = -5*h + 194. Calculate the remainder when h is divided by 13.
12
Suppose 0 = -4*b - 2*p + 54, 3*b - 3*p - 24 - 39 = 0. Let u be (-3)/((-6)/b) - 0. Let d = u + 20. What is the remainder when 54 is divided by d?
26
Let k(w) = w**2 + 7*w - 9. Suppose -2*g + 4 = 10, -2*s + 3*g = -61. Calculate the remainder when s is divided by k(-9).
8
Suppose 0*h - 3*l = -4*h + 71, 0 = -2*h + 2*l + 36. What is the remainder when 66 is divided by h?
15
Let k(x) = x + 5. Let b be k(-5). Suppose b = -0*r - 4*r + 400. Suppose 2*g = 7*g - r. Calculate the remainder when g is divided by 7.
6
Suppose 15*f - 18*f = -123. What is the remainder when f is divided by 11?
8
Let o = 2 + 3. Suppose 0 = -o*q - 0*q + 55. Calculate the remainder when 43 is divided by q.
10
Suppose k - 25 = 1. Let s be (-1224)/(-13) + (-4)/k. Suppose 2*p + s = 5*t - 2*p, 4*p + 4 = 0. Calculate the remainder when t is divided by 7.
4
Suppose v - 20 = 3*y + 19, 0 = -5*y - 15. What is the remainder when 57 is divided by v?
27
Suppose -4*y = 2*h + 842, -3*h - y = 2*y + 1248. What is the remainder when (-9)/(-15) + h/(-15) is divided by 10?
8
Suppose -130 = -4*g + 2*f, -2*f + 111 = 3*g + f. Let j be 123/(-18) - (-1)/(-6). Calculate the remainder when g is divided by (-7)/j - 1*-11.
10
Let y be ((-3)/(-2))/((-5)/(-30)). Suppose -3*s = -5*g - 2, 6*s + y = s - 4*g. Let b = s + 7. Calculate the remainder when 10 is divided by b.
4
Let d(s) = -s**3 + 3*s - 3. Suppose 5*y + v - 65 = 0, 11 = y - 5*v - 2. Calculate the remainder when d(-4) is divided by y.
10
Let p = -1 - -1. Let h(d) = d**2 + 7*d + 6. Let g be h(-6). Suppose r + p - 1 = g. What is the remainder when 1 is divided by r?
0
Suppose -88*n = -98*n + 350. Calculate the remainder when n is divided by (0 + -1)*(-20 + 1).
16
Suppose -5*k - 8*u = -6*u - 1210, 0 = -k + 5*u + 242. Calculate the remainder when k is divided by 9.
8
Suppose -2*k + 2*o + 104 = 0, k - 3*o - 34 = 22. What is the remainder when k is divided by 13?
11
Let q(x) = 33*x**2 - x. Let j be q(1). Let h(s) = j - 3*s + 2*s - 1. Calculate the remainder when h(0) is divided by 11.
9
Let x be ((-1)/(-2))/(7/42). Suppose 4*y - x*p = -144, -y - 4*p = 4*y + 211. Let o = y - -68. What is the remainder when o is divided by 10?
9
Let y(g) = -4 + 3 + 6*g**2 + 4 + 6*g + g**3. What is the remainder when 31 is divided by y(-4)?
9
Suppose 0 = -3*i + 25 - 7. Let a = i - 3. What is the remainder when 8 is divided by a?
2
Suppose -5*n = 2*z - 490, 273 = 3*n - 7*z + 4*z. Calculate the remainder when n/7 + (-12)/(-42) is divided by 4.
2
Let h = 70 + -66. Let x(z) = -4 + 4*z**2 + 0*z - z - 2*z**2. What is the remainder when x(h) is divided by 13?
11
Let g = -22 + 45. Let s(u) = 26*u - 9. Calculate the remainder when s(2) is divided by g.
20
Let g be ((-4)/3)/((-3)/108). Suppose -4*p = -3*x - g, 9*x - 4*x - 36 = -3*p. Suppose -23 = 4*c - 163. What is the remainder when c is divided by p?
11
Let l(q) = -q**2 + 7*q - 6. Let k be l(4). Let z = -2 + k. Calculate the remainder when z is divided by (6/4)/((-2)/(-4)).
1
Let v = -24 + 38. Let l = v + -8. Suppose -2*x - 4*f = -l, 0*x - 42 = -5*x - f. What is the remainder when x is divided by 6?
3
Let b = -10 - -15. Suppose 3*k - 3*d - d - 3 = 0, -15 = -b*d. Suppose -36 = -k*h + 24. What is the remainder when 45 is divided by h?
9
Suppose -3*t + 0 = -39. Suppose 3*f = -6, -3*f - t = -3*k - f. Calculate the remainder when 4/(24/(-14))*-3 is divided by k.
1
Suppose -l + 2*l - 94 = 5*k, 0 = -l - k + 82. Let h = l + -12. What is the remainder when h is divided by 37?
35
Suppose 2*b - 20 = -4*w, -7 = -5*b - 5*w + 33. What is the remainder when 27 is divided by b?
3
Suppose 6 = x + 3. Suppose -23 = -x*o + 16. What is the remainder when o is divided by 5?
3
Suppose o + 59 = 172. Calculate the remainder when o is divided by 39.
35
Let k = 131 - 116. Calculate the remainder when 132 is divided by k.
12
Let m(z) = -z**2 - 10*z + 5. Suppose 2*c + 3*x - 99 = 0, -5*c + x + 110 = -163. Calculate the remainder when c is divided by m(-9).
12
Suppose -3*g - 75 = -3*d + 3, 0 = -3*d - 4*g + 50. What is the remainder when d is divided by 7?
1
Suppose 3*q + 4 = 3*k + 85, 60 = 2*q + 4*k. Suppose q = z + 5. Calculate the remainder when z is divided by 12.
11
Suppose p = -10 + 38. Let w = p + -17. What is the remainder when 20 is divided by w?
9
Let n(i) = -i + 10. Let y = -7 - 2. Calculate the remainder when n(y) is divided by 11.
8
Calculate the remainder when 45 is divided by (0 + 2)/((-2)/(-12)).
9
Suppose -4*g + 11 = -4*j + 3, -2*j - 7 = -3*g. Suppose -2*a - 4 = -10. What is the remainder when a is divided by j?
0
Suppose -f - 4*f + 70 = 0. Suppose i + 3 = 2*w, -5*w = -0*i + i - 18. Suppose 0 = -i*a + 5*a - 52. Calculate the remainder when a is divided by f.
12
Let m = 11 - 10. Calculate the remainder when 1 is divided by m.
0
Suppose -3*r - 13 = -2*w, r = -5*w + 25 + 50. Calculate the remainder when 27 is divided by w.
13
Let v = 4 - -24. Calculate the remainder when 53 is divided by v.
25
Let z(q) = -2*q**2 - 19*q - 7. What is the remainder when 82 is divided by z(-8)?
14
Let t(l) = 5*l - 11. Calculate the remainder when t(5) is divided by 6.
2
Suppose 100 = 2*h + 2*v, 3*v - 215 = -4*h + 4*v. What is the remainder when h is divided by 2*-1 + (-30)/(-1)?
25
Let j be 2/(-3) + (-32)/(-12). Suppose 3*w + 0*y - 2*y = 43, -j*w - 3*y = -46. Calculate the remainder when 31 is divided by w.
14
Let g(q) = -3*q**3 + 3*q**2 + q - 4. Let l be g(2). Let h = l + 43. Calculate the remainder when h is divided by 15.
14
Suppose 176 + 104 = 5*b. Suppose 5*d = -7 + 32, 62 = 3*r + d. Calculate the remainder when b is divided by r.
18
Suppose 2*v = 5*v, 2*l + 4*v = 70. What is the remainder when 67 is divided by l?
32
Let c(h) = h**2 - 3*h + 8. What is the remainder when c(8) is divided by 13?
9
Suppose 160 - 35 = 5*m + 5*k, 0 = -2*m + k + 62. Suppose y - 2*p - 25 = -0*p, y + 2*p - m = 0. Let r = -28 + 42. Calculate the remainder when y is divided by r.
13
Let b be 4*2/(8/(-3)). Suppose -5*u + 0*u = -35. What is the remainder when 14 is divided by -3 + b/(-3) + u?
4
Let f(r) = -r + 11. Let x be f(11). Suppose -j = -3*h - 26, 4*h + x*h = -4*j + 88. Calculate the remainder when j is divided by 12.
11
Let j(u) = u**3 - 6*u**2 - 2*u - 7. What is the remainder when 111 is divided by j(7)?
27
Suppose -28*d + 26*d + 52 = 0. What is the remainder when 101 is divided by d?
23
Let a(t) = -t**3 - 7*t**2 - 2*t + 2. What is the remainder when 44 is divided by a(-7)?
12
Let g = 60 - 41. Let i(b) = -3*b. Let a be i(3). Let t = a + g. What is the remainder when 19 is divided by t?
9
Suppose 3*r + t = 3*t - 28, -4*r - 4*t - 4 = 0. Let p(y) = -y**3 - 4*y**2 + 9*y + 5. What is the remainder when 44 is divided by p(r)?
21
Suppose -7 - 11 = -2*x. Calculate the remainder when 35 is divided by x.
8
Let w = 151 + -2. Calculate the remainder when w is divided by 38.
35
Suppose 2*l - 6 - 12 = -2*u, 5*u = 2*l + 10. Let b(p) = -u + 14*p + 4*p + 3. What is the remainder when b(1) is divided by 9?
8
Let r = -34 + 52. What is the remainder when 143 is divided by r?
17
Suppose -44 = -4*q - 4*x, -3*q - x = -8*q + 73. What is the remainder when 24 is divided by q?
10
Let d(x) = -x**2 + x. Let n be d(-1). Let z be 9/5 - n/10. Calculate the remainder when ((-126)/(-12))/(1/z) is divided by 11.
10
Suppose 4*m - 25 = -3*v, 3*v - 3*m + 5 = 2. What is the remainder when 12 is divided by v?
0
What is the remainder when ((-348)/(-28) - 3)/((-2)/(-42)) is divided by 50?
48
Let n(z) = 12*z**3 + z**2 + 2*z + 1. Let i be n(2). Suppose -3*y + 3*b = 2*y - 126, -4*y = -b - i. Calculate the remainder when y is divided by 10.
7
Suppose -45 = 3*x - 8*x. What is the remainder when 47 is divided by (-12)/(-3 + -1) + x?
11
Calculate the remainder when 191 - (8 + -4) - 2 is divided by 17.
15
Suppose -46 = -s - 1. Let y be ((-3)/9)/(3/(-45)). Suppose -2*l - s = -y*l. What is the remainder when 29 is divided by l?
14
Suppose -j + m + 13 = 0, 4*m - 18 = -2*j - j. Calculate the remainder when 27 is divided b